Let t(j) = -11*j**3 + 1 + 2*j**2 + 16*j**3 - 2*j + 2*j**2 - 2*j**2. Determine t(1).
6
Let u(n) = n**2 + 8*n + 3. Suppose 0 = g + 5*w - 3, 0*w = -3*g + 5*w - 31. Give u(g).
-4
Suppose 3*q - 4 = 8. Suppose -q*a + 2*a = -16. Suppose -l = -5*g - 10, -4*l + a = -5*g - 2. Let f(r) = -2*r**3 - 4*r**2 - 3*r - 2. Give f(g).
4
Let r(g) be the first derivative of -g**4/4 - 4*g**3/3 + 3*g**2 + 6*g - 15. Calculate r(-5).
1
Let h(z) = z**3 + 3*z**2 - 8*z - 4. Let f(v) = 7 - 2*v - 1 - 3. Let y be f(4). What is h(y)?
-14
Let z(x) = x. Let w(n) = n - 6. Let i be w(5). Let v(c) = -3*c + 3. Let b(j) = i*v(j) - 2*z(j). Let q = -5 - -5. Determine b(q).
-3
Let d(s) = s**3 + 2*s**2 + s - 5. Let q(x) = -x**2 - 1. Let u(v) = d(v) + q(v). Determine u(0).
-6
Let i(u) = -5*u**2 + u - 1. Let w be i(-1). Let o(d) = d**2 + 4*d - 7. Give o(w).
14
Suppose 0 = j + 3*o - 4, j - 5*j + 16 = 4*o. Let p(g) = g**2 - 2*g - 3. Let c be p(j). Let r(d) = -d**2 + 7*d - 5. Give r(c).
5
Suppose 3*a = 5*a + 2*d - 8, 4*a = -d + 10. Let c(n) = n**2 - 1 + n**2 + a*n**2 + n. Suppose -5*j = -1 - 4. Give c(j).
4
Let a(v) = v**3 + 2*v**2 + 1. Let z(x) be the first derivative of -x**4 - 3*x**3 - x**2/2 - 4*x + 8. Let f(c) = 9*a(c) + 2*z(c). Give f(-2).
-3
Let v(w) be the second derivative of w**5/20 + 5*w**4/12 - 4*w**3/3 - 4*w**2 - 8*w. Let x = -11 + 5. Determine v(x).
4
Let v be 3/(6*(-4)/40). Let m(l) = l**3 + 4*l**2 - 2*l + 6. Calculate m(v).
-9
Let g(s) = s + 4. Let y be ((-117)/(-13))/(6/(-4)). Give g(y).
-2
Let q be (0 - -2)*(-1 + 2). Suppose 0 = -a, s - 3*a = -q*s. Let b(u) = -u + 1. Give b(s).
1
Let k(x) = -3*x**3 + 23*x**2 - 4*x. Let q(h) = 2*h**3 - 15*h**2 + 3*h. Let y be -24*(2 + 21/(-9)). Let b(w) = y*q(w) + 5*k(w). Determine b(3).
-6
Let x(h) = 6*h**3 + h**2 - 2*h + 1. Suppose 0*o + 2*i - 3 = o, 6 = 2*o - i. Suppose -o*q + 3 + 2 = 0. Calculate x(q).
6
Let t(q) = -2*q + 18. Let g be t(8). Let h(j) be the first derivative of -j**4/4 - j**2 + 2*j - 1. What is h(g)?
-10
Let x(w) = 3*w**3 + 10*w**2 - 10*w + 8. Let m(i) = -4*i**3 - 11*i**2 + 11*i - 9. Let l(j) = -2*m(j) - 3*x(j). Give l(-9).
3
Suppose -14*o + 6 = -13*o - q, 0 = o - 5*q - 6. Let p(h) = -h**2 + 6*h + 7. Determine p(o).
7
Let k(j) = j**2 + j + 4. Let w = 1 + -3. Suppose 5 = -0*r + 3*r + q, -4*q = 3*r - 11. Let p be w + (-1 - (-1 + r)). Calculate k(p).
10
Let h(o) be the first derivative of o**4/4 - 5*o**3/3 - 5*o**2/2 - 3*o + 2. Suppose -2 = b + 4*z, 0*z + z + 14 = 2*b. Give h(b).
3
Let r(x) be the third derivative of -x**6/120 - x**5/15 + 2*x**3/3 - 2*x**2. Let j = 5 + -4. Let t be (-3 - 2) + (j - 0). Calculate r(t).
4
Let k = -56 + 56. Let f(w) be the third derivative of -w**6/120 - w**5/60 + 2*w**3/3 + 2*w**2. Calculate f(k).
4
Let s(n) = n**3 - 3*n**2 - 3*n + 3. Let c(m) = m**2 + m - 1. Let l be c(-3). Let d(b) = b**3 - 6*b**2 + 5*b + 3. Let x be d(l). Determine s(x).
-6
Suppose -2*m + 1 + 5 = 0. Suppose -i - b = 3*b + 18, -m*i + b = 2. Let p(a) = -5*a + 1. Calculate p(i).
11
Let d(o) = -3*o + 0 + 10*o + o**2 + 3. Let u = 40 + -19. Suppose -m = 4*i + 18, -i = -4*m - 8 + u. What is d(i)?
-7
Let r(s) = 10 - 7 + 0 - 2*s. What is r(2)?
-1
Let v(y) = -y**2 - 4*y + 3. Let j be v(2). Let k(h) = -2*h - 31. Let u(b) = -b - 15. Let d(x) = j*u(x) + 4*k(x). Let n be 2/(-4) - (-3)/6. Determine d(n).
11
Let y(o) = -o**2 + 3*o + 4. Let i(a) = a**3 - 3*a**2 - 5*a + 10. Let v be i(4). Let b be -10*(21/v + -4). Give y(b).
-6
Let t(m) = -4*m + 1. Suppose -c = -3*c - 2. What is t(c)?
5
Suppose -52*n + 56*n - 14 = -5*s, -5*n = 20. Let h(i) = 5*i + 2. Let z(t) = -2*t - 1. Let p(u) = 3*h(u) + 8*z(u). Determine p(s).
-8
Suppose -2*i + 4*i - 4 = 0. Let v(u) = -4*u - 1 + i*u**2 - 1 + 5*u. What is v(2)?
8
Let t(d) = d**2 + 3*d - 3. Let f(q) = -q**3 + 2*q**2 - 2. Let b be f(2). Let l be (b/4)/(2/(-4)). Suppose -2*m - 7 - l = 0. Determine t(m).
1
Let t(j) = j**2 - j + 8. Let b(c) be the second derivative of c**5/20 - c**4/12 - c**3/3 - 3*c. Let i be b(2). Give t(i).
8
Let y(t) = 0 + 0*t**2 - 5*t - 3*t**2 + 2*t + 3. Determine y(-3).
-15
Let c(y) = -4*y**3 - 7*y**2 + 10*y - 26. Let r(g) = g**3 + 2*g**2 - 3*g + 9. Let p(f) = 2*c(f) + 7*r(f). What is p(0)?
11
Let u(g) = -g**2 + g + 3. Let q be u(0). Let a(z) = -q*z + 5*z**2 - 9*z + 7 - 2*z**2. Let l(o) = o**2 - 4*o + 2. Let c(p) = 2*a(p) - 7*l(p). Calculate c(4).
0
Suppose l = -2*o + 10, -4*o - 3*l = -4*l - 14. Let y(m) be the third derivative of 1/2*m**3 - 1/60*m**5 + m**2 + 0*m + 0 + 1/6*m**4. Determine y(o).
3
Let x(m) = -m**2 - 8*m - 6. Suppose 3*h = 5 + 1. Suppose -6*i = 5*q - h*i + 29, 0 = -q + 3*i - 2. Determine x(q).
9
Suppose 0 = -4*k - 3 + 19. Let m(p) = 3 + p**3 - 22 - k*p**2 + 8 + 8. What is m(4)?
-3
Let p be 0/3*2/4. Let q(w) = w**2 + 2 - 1 - 1. Give q(p).
0
Let z(y) = -3 - 1 + y + 0. Give z(7).
3
Let f(m) = 4*m**2 - 1 - 11*m + 5*m**3 - 6*m**3 + 9*m. Let o(k) = -k**3 - 7*k**2 - 7*k. Let r be o(-6). Suppose -5*b + r + 14 = 0. Determine f(b).
-9
Let t be 6/1*(-4)/6. Suppose 4*w + 5*n = 36, -2*n = -w - n. Let p(z) = 3*z + z + w - 3*z + 3. What is p(t)?
3
Let s(g) = -7*g**3 + 2*g**2 - 2*g + 1. Let r(f) = -f**2 - 7*f + 1. Let j be r(-7). Give s(j).
-6
Let v(y) be the first derivative of -5*y**3/3 - y**2 + y + 1. Calculate v(1).
-6
Let d be -2*7/((-14)/8). Let g(p) = -8*p**2 - d*p + 21*p - 12*p. Determine g(1).
-7
Let i(f) = -f**2 - 4*f - 1. Let b be -2 + 1/(1/4). Let k be 6/b + (-3 - 0). Suppose -n + k = 3. Give i(n).
2
Let l(x) be the first derivative of -3*x - 1/2*x**2 - 4. Determine l(-3).
0
Let p(r) = 2*r + 102*r**3 + 12 + 98*r**3 - 199*r**3 + r**2 + 7*r**2. What is p(-8)?
-4
Suppose 2*z - 10 = -5*k, -9 - 1 = 5*k - 2*z. Let v = 1 + 1. Suppose -s + k = v. Let q(g) = g**2 + 2*g + 1. What is q(s)?
1
Let i be ((-1)/(-2)*0)/(-3). Let l(u) = u**3 - 7 + 15 - 3. Determine l(i).
5
Let g(p) = -p**3 - 3*p**2. Suppose -m - 66 = 4*d + m, -2*m + 9 = -d. Let x = -10 - d. Let y = -8 + x. Give g(y).
0
Let x(z) be the first derivative of -z**4/4 - 2*z**3 + z**2/2 + 3*z + 3. Let s(h) = 3*h. Let r be s(-2). Determine x(r).
-3
Let r(f) = -f**2 - 2*f**2 - f - 1 + f**3 + 0*f**2. Let j(n) = n**3 + 4*n**2 + 3*n + 4. Let m(l) = l - 3. Let h be m(0). Let c be j(h). Determine r(c).
11
Let l(j) = -3*j**3 + 1. Let w be 6/(-4)*(-8)/6. Let t be ((-1)/w)/(4/8). Determine l(t).
4
Let o be (-2)/7 + (-38)/14. Let h(l) = -2*l + 3 + 0*l + 4*l. What is h(o)?
-3
Suppose -3*h + u + 9 = 0, 0 = -6*h + 3*h + 4*u. Let c = -5 + 8. Let x(d) = -3*d - 1 + 1 + c. What is x(h)?
-9
Let a(c) = c. Let q be a(4). Let d = 1 + q. Suppose -s - d = 4*s. Let x(m) = -8*m**2 - 2*m - 1. Calculate x(s).
-7
Suppose -2*d = w + 4, 3*w - 2*d + 3 = d. Let y(r) = 5*r**2 + 4*r + 3. Calculate y(w).
15
Let f(v) = 2*v + 4. Let a be f(0). Let q(z) = -2*z + 2. Give q(a).
-6
Let p(h) = -h**3 - 4*h**2 + 2*h - 1. Let q be 18/(-4) + (-10)/4 + 2. Determine p(q).
14
Let c be (5/(-2) + 2)*-2. Let b(v) be the first derivative of -4*v**2 + 11. Determine b(c).
-8
Let s(k) = -4*k**3. Let w be s(-1). Suppose -w*p + 6*p + 2 = 0. Let o(l) be the second derivative of l**3 - 2*l. Calculate o(p).
-6
Suppose -20 - 5 = 5*k. Let d(x) = -4*x - 5*x**2 + 3*x**2 + x**2 + 7. Determine d(k).
2
Let n(r) = r**2 - 4*r + 6. Suppose 0 = -5*l + 11 + 4, 2*i + 9 = l. Let d = -7 - i. Let y be d/(-14) + (-104)/(-28). Give n(y).
6
Let b = 10 + -7. Let y(d) = 2*d**2 + 3*d + 4. Let a be y(-2). Let g(n) = 4*n - n + 5*n - a*n - n**2. Calculate g(b).
-3
Let a(m) be the second derivative of -m**5/20 - m**4/2 + m**3/6 + 7*m**2/2 + 2*m. Suppose 7 = 3*o + 25. Give a(o).
1
Let z(j) = 3*j - 22. Let n(h) = 7*h - 45. Let t(d) = 2*n(d) - 5*z(d). Calculate t(0).
20
Let b = 31 + -16. Suppose -2*x = x - b. Let z(t) = -4*t + 54*t**2 + 48*t**2 + 56*t**2 - 157*t**2 + 3. Determine z(x).
8
Let j(t) be the second derivative of -t**4/12 + 5*t**3/6 - 2*t**2 + 2*t. Let h be j(4). Let q(g) = g**2 + g + 5. Give q(h).
5
Let l(h) = -h**3 + 2*h**2 + 5*h - 6*h + 2*h. Calculate l(-2).
14
Let a(z) be the second derivative of -z**6/120 - z**4/3 + z. Let g(q) be the third derivative of a(q). Calculate g(-1).
6
Let s(g) = -g**3 - 11*g**2 - 11*g - 4. Let l(w) = -w**3 - 10*w**2 - 10*w - 5. Let u(f) = 4*l(f) - 3*s(f). Let a = 0 - 6. Determine u(a).
-2
Let l(r) = r**3 - 8*r**2 + 7*r + 1. Let z be l(7). Let q be z + -1 + (-1 - -4). Let n(d)